 Suppose w - b = 11. What is the remainder when w is divided by a?
16
Let u(h) = -2*h**2 + 2*h**2 - 3 - 11*h - 10 - h**2. What is the remainder when u(-9) is divided by 4?
1
What is the remainder when (0 - -1)/(8/1808) is divided by 76?
74
What is the remainder when 14 is divided by (3 + 299/(-91))/((-4)/14)?
0
Let y(v) = -v + 4*v - 3*v + v - 12. Let m be y(-11). Let z = -14 - m. What is the remainder when 35 is divided by z?
8
Let z = 5 + -7. Suppose -j - 88 = 5*x - 268, 5*x + 2*j - 185 = 0. Calculate the remainder when x is divided by 124/7 + z/(-7).
17
Suppose -11*g = -583 + 220. What is the remainder when 55 is divided by g?
22
What is the remainder when (-35955)/(-136) + -7 + 3/(-8) is divided by 129?
128
Suppose 23*v = -9*v + 736. Let g be ((-54)/(-21))/((-3)/42). Let o = g - -80. What is the remainder when o is divided by v?
21
Let o(n) = -2*n - 3. Let b(t) = -2 - 2 - 5*t - 2 + 0. Let d(p) = -3*b(p) + 5*o(p). Calculate the remainder when d(8) is divided by 22.
21
Let i be 10/(-35) - ((-400)/28 + -2). Suppose -11*s = -i*s + 65. Suppose 79 + 231 = 5*j. Calculate the remainder when j is divided by s.
10
Suppose -5 + 33 = l. Let d = 2 + 2. What is the remainder when l is divided by 0 + (19 - d/1)?
13
Let v(f) = f**3 + 7*f**2 + 6*f - 11. Let y be v(-5). Suppose -y*t + 1094 - 311 = 0. Calculate the remainder when t is divided by 45.
42
Let u = -21 - -196. Calculate the remainder when u is divided by 30.
25
Suppose 0 = -0*o - o + 10. Let g = -23 + o. Let r = g + 24. What is the remainder when 42 is divided by r?
9
Suppose 4*b = 4*m + 79 - 235, m + b = 33. Let h = 51 + m. Suppose -4*o + 2*j + 76 = 0, 3*o - 3*j - h = -24. Calculate the remainder when o is divided by 9.
8
Let b = -16 - -7. Let t = 46 + b. What is the remainder when 90 is divided by (-3 + t - 3) + 0?
28
Let n(v) = -v**3 - 12*v**2 - 30*v - 12. Calculate the remainder when 144 is divided by n(-9).
9
Calculate the remainder when 52 is divided by (-8)/(-2) + -7 + 4 + 51.
0
Let n(s) = 21*s - 23*s + 2 - 13. Let u(a) = -a**3 - 5*a**2 + 5*a - 1. What is the remainder when n(-10) is divided by u(-6)?
4
Let d(r) = r**2 + 3*r - 2. Suppose -416 = 8*b - 24*b. What is the remainder when b is divided by d(2)?
2
Suppose 0 = 2*t, -94 = 5*x - t - 294. What is the remainder when 72 is divided by x?
32
Let v be 2899/195 + (-2)/(-15). Calculate the remainder when (9 - v)*(-3)/1 is divided by (-7 - 2)*-1 + 2.
7
Let s(a) = -a**3 + 11*a**2 + 13*a - 183. Calculate the remainder when 171 is divided by s(10).
30
Let l(d) be the first derivative of -6*d**4 - 2*d**3/3 + d**2/2 - 2. Let z be l(1). Let n = -19 - z. Calculate the remainder when n is divided by 4.
2
Suppose 4*n - 32 = -0*n. Suppose -4 - n = -4*w. Suppose w*u + 121 = 5*l, 2 = -4*u + 3*u. What is the remainder when 91 is divided by l?
22
Let t(g) = 3*g**2 - 4*g + 2. Calculate the remainder when t(5) is divided by (16/16)/(1/12).
9
Suppose 66*v + 66 = 68*v + 3*p, 5*p = -5*v + 170. What is the remainder when 334 is divided by v?
10
Let q = -805 + 1504. What is the remainder when q is divided by 14?
13
Suppose 6*j - 9*j + 130 = x, 3*x + 15 = 0. What is the remainder when (-10)/((-5)/1) + (j - 0) is divided by 7?
5
Let d(u) = -15*u**3 - 3*u - 4. Calculate the remainder when 81 is divided by d(-1).
11
Let q = -1709 + 2167. Calculate the remainder when q is divided by 22.
18
Let x = -12 - -35. Suppose -t + 3*t + 54 = 4*m, 0 = 4*t - 12. Calculate the remainder when x is divided by m.
8
Suppose -8*j + 215 = -401. Let o(v) = -5*v + 1. Calculate the remainder when j is divided by o(-3).
13
Let o = -18 + 23. Suppose p = 4*s + 3*p - 298, -4*p + 368 = o*s. What is the remainder when s is divided by 13?
11
Suppose -2*m + 210 = -286. Suppose 2*t - 310 = -5*d + 3*t, -4*d + 3*t + m = 0. Suppose 2*s = 6*s - 64. Calculate the remainder when d is divided by s.
14
Suppose 3*v + 10 = m + 6*v, 5*m + 18 = 2*v. What is the remainder when m/(-7) + 754/7 is divided by 55?
53
Let x be (-37070)/(-130) + 2/(-13). Let r(j) = j + 8. Let s be r(-6). Calculate the remainder when (s/6)/(5/x) is divided by 10.
9
Suppose 0 = 3*a - a + 8. Suppose 2*l - 3*l - 61 = 0. Let z = a - l. Calculate the remainder when z is divided by 29.
28
Suppose 5*v - 15 = -5*d + 20, -d - 4*v + 19 = 0. What is the remainder when 13 is divided by d?
1
Suppose -2*j - 2*a = -82, 26*j + 152 = 30*j - 2*a. Suppose -u - 2*u - 63 = 0. Let f = u - -31. Calculate the remainder when j is divided by f.
9
Suppose 4*y + y - 3 = d, 2*d = 4. Let g be (6 + -2 + 5)*y. What is the remainder when 54 is divided by 32 + 12/(g/(-3))?
26
Let c(w) be the second derivative of -w**5/20 - w**4/12 - w**3/6 - 3*w**2/2 + 25*w. Calculate the remainder when 49 is divided by c(-3).
13
Suppose -2*m + 105 = -s, 2*m + m = -s + 155. Calculate the remainder when m is divided by 29.
23
Suppose 31*c = -5*z + 35*c + 411, z = -4*c + 63. Calculate the remainder when z is divided by 10.
9
Suppose -2*h - 3*z + 188 = -0*z, -5*h + 491 = -3*z. Calculate the remainder when h is divided by 181/7 + 390/(-455).
22
Let m(d) be the first derivative of -d**2/2 + 31*d + 29. Calculate the remainder when 72 is divided by m(-7).
34
Suppose 2*s = 7*s - 215. Let h = s - 8. Calculate the remainder when 101 is divided by h.
31
Suppose -15*b + 320 = 17*b. Suppose 1 = 4*z - 19. Let m(a) = a**2 - 4*a - 2. Calculate the remainder when b is divided by m(z).
1
Suppose 2*s - 4*x - 28 = -6*x, -62 = -5*s + 3*x. Let k = 24 - s. Suppose -17 + 104 = 3*o. What is the remainder when o is divided by k?
7
Suppose 6 = 4*l - 2. Let k = -88 + 88. Suppose 2*i - 2 = 0, -l*v + 35 = -k*v + 5*i. What is the remainder when v is divided by 6?
3
Let x(f) = -f**3 - 14*f**2 + 17*f + 34. Let i be x(-15). What is the remainder when 27 is divided by 5 + (-76)/(-16) - (-1)/i?
7
Suppose -59*z = -30*z - 667. Calculate the remainder when 173 is divided by z.
12
Let m(u) = -u**3 + 8*u**2. Suppose -2*r + a + 51 = 0, 5*a + 89 = 4*r - 22. Suppose -r*y + 125 = -19*y. What is the remainder when m(7) is divided by y?
24
Suppose 30 = -4*l + b, 25 = -5*l + 5*b - 5. Let i be (l/1)/(4/(-4)). Suppose -279 = -11*q + i*q. What is the remainder when q is divided by 24?
21
Suppose -4*s + 332 + 209 = -l, 0 = 5*s + 3*l - 689. Calculate the remainder when s is divided by 72.
64
Let u = 1047 + -1038. Suppose 0 = 4*n - 38 - 66. What is the remainder when n is divided by u?
8
What is the remainder when (-10)/15*-6*(-214)/(-4) is divided by 56?
46
Suppose 0*v = 5*v - 10. Suppose 3*d - v*d - 35 = 0. What is the remainder when d is divided by 2/6 + (-140)/(-12)?
11
Let q(o) = 24*o. Let g be q(6). Suppose -5*p + g = 384. Let u = p + 75. What is the remainder when u is divided by 10?
7
Let f(z) = -3*z + 8. Let a be f(8). What is the remainder when 3/3*1 - a is divided by 5?
2
Let m(n) = n**2 - 2*n - 1. Let r be m(5). Suppose 27 = 3*i + l, -3*i + r = 3*l - 19. What is the remainder when 14 is divided by i?
6
What is the remainder when 43 is divided by ((-102)/18 + 6)/((-1)/(-48))?
11
Let r(s) = -s**2 - 9*s - 6. Let z be r(-8). Let g(v) = -11*v - 2 + v**3 - 10 + 5*v**z + 2*v**2. What is the remainder when 35 is divided by g(-8)?
11
Suppose 3*b - 5*v - 73 = 0, 37 = 2*b - 113*v + 112*v. Calculate the remainder when 20 is divided by b.
4
Suppose 6*a - 4*a = 14. Let f = -108 - -108. Suppose f = 2*v + 71 - 119. What is the remainder when v is divided by a?
3
Suppose -a - 5*y = -4*a - 77, -22 = a + 2*y. Let f = 35 + a. What is the remainder when 54 is divided by f?
10
Suppose -s + 29 = -0. Let u = s - 15. What is the remainder when 82 is divided by u?
12
Suppose 3*l - 4*g = -2*g + 155, g = -2*l + 94. Calculate the remainder when l is divided by 7 + 4 + (-2)/(-1).
10
Let d(u) = u**2 + 9*u - 13. Let v be d(-11). Let n(z) = z**3 - 9*z**2 - z + 13. What is the remainder when 1 + -4 - -8 - (0 + 0) is divided by n(v)?
1
Let g(z) = 56*z - 336. What is the remainder when g(15) is divided by 46?
44
Let p = 380 - 348. Calculate the remainder when 98 is divided by p.
2
Suppose 5*x - 18 = 92. Let z(t) = t**2 + 5*t + 3. Let c be z(-5). Suppose -c*a = -8 - 10. What is the remainder when x is divided by a?
4
Let u(b) = 11*b - 54. What is the remainder when u(10) is divided by 2/1*29/2?
27
Let h = -69 + 78. Calculate the remainder when h is divided by